2*y - 4. Let v be h(w). Suppose 3*j - 616 + v = -5*n, 2*n - 562 = -4*j. What is the units digit of j?
3
Suppose -8*l - 12 = -5*j - 5*l, 4*l - 19 = -5*j. Let s(z) = 114*z - 16. Let m(f) = 116*f - 15. Let x(h) = j*s(h) - 4*m(h). What is the hundreds digit of x(-1)?
1
Suppose 323526 = 42*o - 12*o + 12*o. What is the hundreds digit of o?
7
Let z(t) = 918*t - 73. Let y be z(-6). What is the hundreds digit of -7 - (-124)/18 - y/9?
6
Let m(n) = 2*n**2 - n + 155. What is the units digit of m(63)?
0
Let d(b) = -b**3 - 10*b**2 - 7*b + 23. Let a be d(-9). Suppose 5*c = 2*c + a*q + 3958, 4 = 4*q. What is the thousands digit of c?
1
Suppose 2*u = 0, -5*l + 117 = -4*l - 2*u. Let m = 886 - l. Suppose m = 3*o - 4*n, -3*o - 5*n = 243 - 1030. What is the hundreds digit of o?
2
Let s = -160 + 34. Let d = -121 - s. Suppose -m + 4*m - 1371 = -5*z, 1082 = 4*z - d*m. What is the hundreds digit of z?
2
Let y = 8 - 4. Let x(z) = -1 - y*z + 0*z + 15*z. What is the units digit of x(7)?
6
Let n = 1870 - 425. What is the hundreds digit of (8 - 5) + -4 + n?
4
Suppose 27 = -5*j + 42, -j - 1842 = -5*a. What is the units digit of a?
9
Let s = -598 + 643. Suppose 5*c = 2*n - 97, -4*n = 3*c - 84 - s. What is the tens digit of n?
3
Suppose 0 = 771*n - 773*n + 18. Let k(w) be the third derivative of w**5/12 - 19*w**4/24 + 10*w**3/3 + 2*w**2. What is the hundreds digit of k(n)?
2
Let o(q) = -9*q - 185. Let t be o(-20). Suppose 4*c - 516 = 4*u, 0 = -3*u - 4*c - 137 - 222. What is the units digit of 1/(t/15) - u?
2
What is the units digit of (-5)/60*-647452 + (-7)/3?
2
Let d = 126 + -126. Suppose d = -65*p + 64*p + 412. What is the units digit of p?
2
Let d be 1/(-5) + 3/15 - -3. Suppose 0 = -d*q + 15*q - 1152. What is the tens digit of q?
9
Let m(w) = w. Let n(o) = -10*o - 11. Let j(v) = -6*m(v) + n(v). What is the hundreds digit of j(-16)?
2
Let h = 1766 + -1183. Let b = -84 + h. What is the hundreds digit of b?
4
Let z = -970 + 405. Let o be 4/18 + z/(-9) + -5. Suppose 2*c = 2*d - 2 + 34, -3*c = 2*d - o. What is the units digit of c?
8
Let v = -46015 + 81447. What is the tens digit of v?
3
Suppose 5*f - 92 = 3*v + 265, 4*v = 2*f - 154. Let t = 75 - f. Suppose -t*x + 4*x + 106 = 0. What is the tens digit of x?
5
Let j be (7 + -2)*(3 - -152). Let f = j - 134. What is the hundreds digit of f?
6
What is the thousands digit of (13629/(-12))/(65/(-52) + 1)?
4
Let n be ((-7)/(105/(-6)))/(5/125). Let o be ((n - 5) + -5)*2/(-6). Suppose -2*l = 3*j - 111 - 426, -4*l + 5*j + 1041 = o. What is the tens digit of l?
6
Let x = -1474 + 5283. What is the tens digit of x?
0
Suppose z + g + 30 = 2*z, -3*g + 90 = 3*z. Suppose -23*c - 812 = -z*c. What is the hundreds digit of c?
1
Let p = 41548 + -22227. What is the hundreds digit of p?
3
Let y = 26743 + -15677. What is the tens digit of y?
6
Suppose -2*p = -50*u + 45*u - 24640, 0 = -3*p + 2*u + 36927. What is the tens digit of p?
0
Let c be (15/3)/(-1)*-1. Suppose -4*t - 2*a = 10, -t = -c*a - 0*a - 25. Suppose 4*p = -5*g + 269, t = -0*p - 2*p - 3*g + 137. What is the tens digit of p?
6
Let q(j) = -2 - 8 + j**2 - 54*j**3 - 1 + 48*j**3. What is the units digit of q(-6)?
1
Suppose -160 = -7*o - 27. Suppose y - o = 122. What is the units digit of y?
1
Let u = 39696 - 39600. Let v = -135 + 53. Let j = v + u. What is the units digit of j?
4
Let j = 5 - -29. Suppose 14*x + j = 16*x. Suppose -x*b + 48 = -14*b. What is the tens digit of b?
1
Let m = -6 - -7. Suppose 0 = -2*g + z - m - 7, 0 = 4*g - 5*z + 28. What is the units digit of 102 + 2/(g/3)?
9
Suppose 535*s - 3413358 - 4632455 - 13006437 = 0. What is the units digit of s?
0
Let c(x) = 2224*x**2 - 21*x + 47. What is the thousands digit of c(2)?
8
Let d(h) be the second derivative of 13*h**4/12 - 79*h**3/6 - 11*h**2/2 + 2*h - 36. What is the tens digit of d(9)?
3
What is the hundreds digit of (-5 + -1150)*90/(-21) + 2?
9
Let j(q) = 7*q**2 + 21*q + 42. Let b(z) = -z**2 - 1. Let t(f) = 2*b(f) + j(f). What is the hundreds digit of t(-11)?
4
Let d = 3310 + -880. What is the hundreds digit of d?
4
Suppose m - 4 = 4. Let g(s) = s**3 - 8*s**2 + 6*s - 3. Let f be g(m). Suppose -2*z + f + 75 = -2*v, -v + 120 = 2*z. What is the units digit of z?
0
Let c be (1/4)/((-4)/16). Let b(o) = -o**3 - o**2 + 2. Let q be b(c). Suppose -2*j + 0 = q, 0 = 4*s - 3*j - 575. What is the tens digit of s?
4
Let c be (-18)/(-117) - 4/26 - 24. Let g(x) = -x**2 - 26*x + 6. Let h be g(c). Suppose -q - 2*o = -h, q + 2*o + 2*o = 44. What is the tens digit of q?
6
Suppose 4*j + 10*g - 34323 = 11*g, 5*j - 2*g - 42909 = 0. What is the units digit of j?
9
Suppose -346508 = 349*p - 140683 - 3471069. What is the thousands digit of p?
9
Suppose 0 = -12*t - 198*t + 1522920. What is the thousands digit of t?
7
Let f be (32/(-14))/((-4)/14). What is the tens digit of (-114)/(-2)*(f + (-9 - -3))?
1
Suppose -256979 = -6046*y + 6023*y. What is the hundreds digit of y?
1
Suppose 47006 = 54*j - 38771 - 7589. What is the tens digit of j?
2
Let p be 6/87 - (-29124)/(-116). Let y = p + 1021. What is the units digit of y?
0
Suppose 0 = -3*k - h + 29, -4*k + 2*h - 3 = -5*k. Suppose 2*r - 7254 = -k*r. What is the hundreds digit of r?
5
Suppose -5*s + 5*y = -8295, -5*s - 1024*y + 1025*y + 8299 = 0. What is the hundreds digit of s?
6
Suppose 0 = 17*b - 63*b + 113850. What is the units digit of b?
5
What is the tens digit of -4 - ((15924/8)/3)/((-41)/1230)?
0
Let d(y) = 5*y**3 - 5*y**2 + 22*y - 145. What is the tens digit of d(10)?
7
Let u(t) be the second derivative of -t**4/12 - 3*t**3 - 19*t**2/2 + 3*t. Let b(g) = 3*g + 45. Let c be b(-18). What is the units digit of u(c)?
2
Suppose m = -s + 2772, -29*m + 25*m - 11056 = -4*s. What is the units digit of s?
8
Let w(g) be the third derivative of 5/24*g**4 + 11/60*g**5 + 0*g - 14*g**2 - 1/3*g**3 - 1/120*g**6 + 0. What is the tens digit of w(11)?
5
Let o be 24/56 - 87/7. Let l be ((-16)/(-6))/(o/(-18)). Suppose 3*p - 5*v = 57, 5*v + 69 + 12 = l*p. What is the tens digit of p?
2
Suppose 42*p - 1513 - 443 = 774. Let j = 31 - 56. Let s = p + j. What is the tens digit of s?
4
Suppose -5*f + 11 = -4. Suppose o - f - 2 = -4*a, -o + 5 = -5*a. Suppose -2*u + 5*j = 2*u - 126, a = 2*u + 2*j - 54. What is the tens digit of u?
2
Suppose -14*t + 33154 = -110. Suppose -3*c + 1041 = -t. What is the units digit of c?
9
Let h(x) = -322*x**3 + 2*x**2 + 3*x + 3. Let z be h(-2). Suppose 3*a + 4*i = z, -5*a + 4321 = -10*i + 7*i. What is the tens digit of a?
6
Suppose -122*s + 1814820 = 52*s. What is the thousands digit of s?
0
Suppose 2*b + 24 = 8*b. Suppose b*u - 3*r = r + 44, u + 3*r = -9. What is the tens digit of (-2)/(u/267)*(-1 + 0)?
8
Let x be -5 + -12*2/(-3). Suppose 1040 - 44 = x*y. What is the hundreds digit of y?
3
Let z be 6*2/9*-3. What is the hundreds digit of (-1)/(-2) - 1734/z?
4
Suppose -3*f - 12 = 0, 6*s - 9*s = f + 4. Suppose 4*x - q - 3118 = s, -11*x + 7*x + 5*q + 3126 = 0. What is the units digit of x?
9
Let i be -24*(9/(-4) - -1). Suppose 114 = 5*b + 3*h, -2*b = -6*h + 2*h - i. Suppose b*k + 450 = 26*k. What is the units digit of k?
0
Let k = -2 - -3. Let y be 0 + k/2 + (-15)/(-6). Suppose 172 = -3*o + 4*o - y*t, 0 = 3*o + 2*t - 483. What is the units digit of o?
3
Let t(a) = 20*a**2 - 11*a + 407. What is the units digit of t(15)?
2
Let j be 3/(-4) - 2065/(-28) - -3. Let p = -73 + j. Suppose -74 = -p*r - s, 5*s - 47 = -3*r + 35. What is the tens digit of r?
2
Suppose -3*g + 2*r - 333 = 0, -r - 342 = g + 2*g. Let l = 605 - g. What is the units digit of l?
8
Suppose -s - 2*t + 0*t = 6, 2*s + t + 3 = 0. Let n be (s + -3 - -1) + 190. Suppose 5*i = 2*h - n, -2*i + i - 196 = -2*h. What is the tens digit of h?
9
Let r(z) = 2*z + 48. Let u be r(-22). Suppose 5*k = 4*d + 3699, 2*d + 3255 - 291 = u*k. What is the units digit of k?
3
What is the units digit of (-4)/8*(26 + 546570/(-9))?
2
Let z = 14858 + -21090. What is the hundreds digit of (-15)/7 + 2 + z/(-14)?
4
Suppose 2*z + 2*m = 21426, 0 = -4*z - 9*m + 8*m + 42855. What is the units digit of z?
4
Let o = 6460 + -6450. Let m(b) = b - 19. Let w(l) = l. Let r(h) = m(h) + 6*w(h). What is the units digit of r(o)?
1
Let c be (-93)/31 + (-3 - -12). What is the hundreds digit of (((-52480)/12)/16)/((-2)/c)?
8
Let v = 50 - 52. Let i be 1 + 0 + v + 0. What is the hundred